{"id":911,"date":"2021-02-18T16:33:05","date_gmt":"2021-02-18T16:33:05","guid":{"rendered":"https:\/\/or-design.org\/?page_id=911"},"modified":"2021-07-08T07:42:02","modified_gmt":"2021-07-08T07:42:02","slug":"gracias-desarrollo","status":"publish","type":"page","link":"https:\/\/or-design.org\/?page_id=911","title":{"rendered":"Gracias"},"content":{"rendered":"\t\t<div data-elementor-type=\"wp-page\" data-elementor-id=\"911\" class=\"elementor elementor-911\" data-elementor-post-type=\"page\">\n\t\t\t\t\t\t<section class=\"elementor-section elementor-top-section elementor-element elementor-element-61a2711 elementor-section-height-full elementor-section-boxed elementor-section-height-default elementor-section-items-middle\" data-id=\"61a2711\" data-element_type=\"section\" data-e-type=\"section\" data-settings=\"{&quot;ekit_has_onepagescroll_dot&quot;:&quot;yes&quot;}\">\n\t\t\t\t\t\t<div class=\"elementor-container elementor-column-gap-default\">\n\t\t\t\t\t<div class=\"elementor-column elementor-col-100 elementor-top-column elementor-element elementor-element-12c8be0\" data-id=\"12c8be0\" data-element_type=\"column\" data-e-type=\"column\">\n\t\t\t<div class=\"elementor-widget-wrap elementor-element-populated\">\n\t\t\t\t\t\t<div class=\"elementor-element elementor-element-90b0e7c elementor-invisible elementor-widget elementor-widget-image\" data-id=\"90b0e7c\" data-element_type=\"widget\" data-e-type=\"widget\" data-settings=\"{&quot;_animation&quot;:&quot;bounceIn&quot;,&quot;ekit_we_effect_on&quot;:&quot;none&quot;}\" data-widget_type=\"image.default\">\n\t\t\t\t<div class=\"elementor-widget-container\">\n\t\t\t\t\t\t\t\t\t\t\t\t\t\t\t<img fetchpriority=\"high\" decoding=\"async\" width=\"800\" height=\"800\" src=\"https:\/\/or-design.org\/wp-content\/uploads\/2021\/03\/Asset-22-1.svg\" class=\"attachment-large size-large wp-image-3627\" alt=\"\" \/>\t\t\t\t\t\t\t\t\t\t\t\t\t\t\t<\/div>\n\t\t\t\t<\/div>\n\t\t\t\t<div class=\"elementor-element elementor-element-4867867 elementor-widget elementor-widget-heading\" data-id=\"4867867\" data-element_type=\"widget\" data-e-type=\"widget\" data-settings=\"{&quot;ekit_we_effect_on&quot;:&quot;none&quot;}\" data-widget_type=\"heading.default\">\n\t\t\t\t<div class=\"elementor-widget-container\">\n\t\t\t\t\t<h2 class=\"elementor-heading-title elementor-size-default\">\u00a1Enhorabuena!<\/h2>\t\t\t\t<\/div>\n\t\t\t\t<\/div>\n\t\t\t\t<div class=\"elementor-element elementor-element-7dce0e4 elementor-widget elementor-widget-text-editor\" data-id=\"7dce0e4\" data-element_type=\"widget\" data-e-type=\"widget\" data-settings=\"{&quot;ekit_we_effect_on&quot;:&quot;none&quot;}\" data-widget_type=\"text-editor.default\">\n\t\t\t\t<div class=\"elementor-widget-container\">\n\t\t\t\t\t\t\t\t\t<p>Est\u00e1s un paso m\u00e1s cerca de llevar tu marca a otro nivel. <br \/><b>Nos pondremos en contacto contigo lo antes posible.<\/b><\/p>\t\t\t\t\t\t\t\t<\/div>\n\t\t\t\t<\/div>\n\t\t\t\t<div class=\"elementor-element elementor-element-2b368db elementor-align-center elementor-widget elementor-widget-button\" data-id=\"2b368db\" data-element_type=\"widget\" data-e-type=\"widget\" data-settings=\"{&quot;ekit_we_effect_on&quot;:&quot;none&quot;}\" data-widget_type=\"button.default\">\n\t\t\t\t<div class=\"elementor-widget-container\">\n\t\t\t\t\t\t\t\t\t<div class=\"elementor-button-wrapper\">\n\t\t\t\t\t<a class=\"elementor-button elementor-button-link elementor-size-sm\" href=\"https:\/\/or-design.org\/?page_id=916\">\n\t\t\t\t\t\t<span class=\"elementor-button-content-wrapper\">\n\t\t\t\t\t\t\t\t\t<span class=\"elementor-button-text\">Volver<\/span>\n\t\t\t\t\t<\/span>\n\t\t\t\t\t<\/a>\n\t\t\t\t<\/div>\n\t\t\t\t\t\t\t\t<\/div>\n\t\t\t\t<\/div>\n\t\t\t\t\t<\/div>\n\t\t<\/div>\n\t\t\t\t\t<\/div>\n\t\t<\/section>\n\t\t\t\t<section class=\"elementor-section elementor-top-section elementor-element elementor-element-4e21f7f elementor-section-boxed elementor-section-height-default elementor-section-height-default\" data-id=\"4e21f7f\" data-element_type=\"section\" data-e-type=\"section\" data-settings=\"{&quot;background_background&quot;:&quot;classic&quot;,&quot;ekit_has_onepagescroll_dot&quot;:&quot;yes&quot;}\">\n\t\t\t\t\t\t<div class=\"elementor-container elementor-column-gap-default\">\n\t\t\t\t\t<div class=\"elementor-column elementor-col-100 elementor-top-column elementor-element elementor-element-9ba8bac\" data-id=\"9ba8bac\" data-element_type=\"column\" data-e-type=\"column\">\n\t\t\t<div class=\"elementor-widget-wrap elementor-element-populated\">\n\t\t\t\t\t\t<div class=\"elementor-element elementor-element-9e90e89 elementor-widget elementor-widget-heading\" data-id=\"9e90e89\" data-element_type=\"widget\" data-e-type=\"widget\" data-settings=\"{&quot;ekit_we_effect_on&quot;:&quot;none&quot;}\" data-widget_type=\"heading.default\">\n\t\t\t\t<div class=\"elementor-widget-container\">\n\t\t\t\t\t<h2 class=\"elementor-heading-title elementor-size-default\">\u00daltimas novedades<\/h2>\t\t\t\t<\/div>\n\t\t\t\t<\/div>\n\t\t\t\t<div class=\"elementor-element elementor-element-a0b0e74 elementor-grid-tablet-1 elementor-grid-3 elementor-grid-mobile-1 elementor-posts--thumbnail-top elementor-widget elementor-widget-posts\" data-id=\"a0b0e74\" data-element_type=\"widget\" data-e-type=\"widget\" data-settings=\"{&quot;classic_masonry&quot;:&quot;yes&quot;,&quot;classic_columns_tablet&quot;:&quot;1&quot;,&quot;classic_columns&quot;:&quot;3&quot;,&quot;classic_columns_mobile&quot;:&quot;1&quot;,&quot;classic_row_gap&quot;:{&quot;unit&quot;:&quot;px&quot;,&quot;size&quot;:35,&quot;sizes&quot;:[]},&quot;classic_row_gap_tablet&quot;:{&quot;unit&quot;:&quot;px&quot;,&quot;size&quot;:&quot;&quot;,&quot;sizes&quot;:[]},&quot;classic_row_gap_mobile&quot;:{&quot;unit&quot;:&quot;px&quot;,&quot;size&quot;:&quot;&quot;,&quot;sizes&quot;:[]},&quot;ekit_we_effect_on&quot;:&quot;none&quot;}\" data-widget_type=\"posts.classic\">\n\t\t\t\t<div class=\"elementor-widget-container\">\n\t\t\t\t\t\t\t<div class=\"elementor-posts-container elementor-posts elementor-posts--skin-classic elementor-grid\" role=\"list\">\n\t\t\t\t<article class=\"elementor-post elementor-grid-item post-9836 post type-post status-publish format-standard has-post-thumbnail hentry category-diseno\" role=\"listitem\">\n\t\t\t\t<a class=\"elementor-post__thumbnail__link\" href=\"https:\/\/or-design.org\/?p=9836\" tabindex=\"-1\" >\n\t\t\t<div class=\"elementor-post__thumbnail\"><img decoding=\"async\" width=\"800\" height=\"804\" src=\"https:\/\/or-design.org\/wp-content\/uploads\/2024\/04\/Marketing-omnicanal.jpg\" class=\"attachment-large size-large wp-image-9837\" alt=\"\" srcset=\"https:\/\/or-design.org\/wp-content\/uploads\/2024\/04\/Marketing-omnicanal.jpg 885w, https:\/\/or-design.org\/wp-content\/uploads\/2024\/04\/Marketing-omnicanal-150x150.jpg 150w, https:\/\/or-design.org\/wp-content\/uploads\/2024\/04\/Marketing-omnicanal-768x771.jpg 768w\" sizes=\"(max-width: 800px) 100vw, 800px\" \/><\/div>\n\t\t<\/a>\n\t\t\t\t<div class=\"elementor-post__text\">\n\t\t\t\t<h3 class=\"elementor-post__title\">\n\t\t\t<a href=\"https:\/\/or-design.org\/?p=9836\" >\n\t\t\t\tDesatando el Potencial del Marketing Omnicanal: Construyendo Experiencias de Cliente sin Fronteras\t\t\t<\/a>\n\t\t<\/h3>\n\t\t\t\t<div class=\"elementor-post__excerpt\">\n\t\t\t<p>Desatando el Potencial del Marketing Omnicanal: Construyendo Experiencias de Cliente sin Fronteras En la era digital actual, donde los consumidores<\/p>\n\t\t<\/div>\n\t\t\n\t\t<a class=\"elementor-post__read-more\" href=\"https:\/\/or-design.org\/?p=9836\" aria-label=\"M\u00e1s informaci\u00f3n sobre Desatando el Potencial del Marketing Omnicanal: Construyendo Experiencias de Cliente sin Fronteras\" tabindex=\"-1\" >\n\t\t\tLeer M\u00e1s &gt;&gt;\t\t<\/a>\n\n\t\t\t\t<\/div>\n\t\t\t\t<\/article>\n\t\t\t\t<article class=\"elementor-post elementor-grid-item post-9828 post type-post status-publish format-standard has-post-thumbnail hentry category-diseno\" role=\"listitem\">\n\t\t\t\t<a class=\"elementor-post__thumbnail__link\" href=\"https:\/\/or-design.org\/?p=9828\" tabindex=\"-1\" >\n\t\t\t<div class=\"elementor-post__thumbnail\"><img decoding=\"async\" width=\"800\" height=\"804\" src=\"https:\/\/or-design.org\/wp-content\/uploads\/2024\/04\/Publicidad-programada.jpg\" class=\"attachment-large size-large wp-image-9829\" alt=\"\" srcset=\"https:\/\/or-design.org\/wp-content\/uploads\/2024\/04\/Publicidad-programada.jpg 885w, https:\/\/or-design.org\/wp-content\/uploads\/2024\/04\/Publicidad-programada-150x150.jpg 150w, https:\/\/or-design.org\/wp-content\/uploads\/2024\/04\/Publicidad-programada-768x771.jpg 768w\" sizes=\"(max-width: 800px) 100vw, 800px\" \/><\/div>\n\t\t<\/a>\n\t\t\t\t<div class=\"elementor-post__text\">\n\t\t\t\t<h3 class=\"elementor-post__title\">\n\t\t\t<a href=\"https:\/\/or-design.org\/?p=9828\" >\n\t\t\t\tDesafiando los L\u00edmites del Marketing Digital: Un Viaje Profundo hacia la Publicidad Program\u00e1tica\t\t\t<\/a>\n\t\t<\/h3>\n\t\t\t\t<div class=\"elementor-post__excerpt\">\n\t\t\t<p>Desafiando los L\u00edmites del Marketing Digital: Un Viaje Profundo hacia la Publicidad Program\u00e1tica En el siempre cambiante paisaje del marketing<\/p>\n\t\t<\/div>\n\t\t\n\t\t<a class=\"elementor-post__read-more\" href=\"https:\/\/or-design.org\/?p=9828\" aria-label=\"M\u00e1s informaci\u00f3n sobre Desafiando los L\u00edmites del Marketing Digital: Un Viaje Profundo hacia la Publicidad Program\u00e1tica\" tabindex=\"-1\" >\n\t\t\tLeer M\u00e1s &gt;&gt;\t\t<\/a>\n\n\t\t\t\t<\/div>\n\t\t\t\t<\/article>\n\t\t\t\t<article class=\"elementor-post elementor-grid-item post-9818 post type-post status-publish format-standard has-post-thumbnail hentry category-diseno\" role=\"listitem\">\n\t\t\t\t<a class=\"elementor-post__thumbnail__link\" href=\"https:\/\/or-design.org\/?p=9818\" tabindex=\"-1\" >\n\t\t\t<div class=\"elementor-post__thumbnail\"><img loading=\"lazy\" decoding=\"async\" width=\"800\" height=\"804\" src=\"https:\/\/or-design.org\/wp-content\/uploads\/2024\/04\/Tranformacion-digital.jpg\" class=\"attachment-large size-large wp-image-9819\" alt=\"\" srcset=\"https:\/\/or-design.org\/wp-content\/uploads\/2024\/04\/Tranformacion-digital.jpg 885w, https:\/\/or-design.org\/wp-content\/uploads\/2024\/04\/Tranformacion-digital-150x150.jpg 150w, https:\/\/or-design.org\/wp-content\/uploads\/2024\/04\/Tranformacion-digital-768x771.jpg 768w\" sizes=\"(max-width: 800px) 100vw, 800px\" \/><\/div>\n\t\t<\/a>\n\t\t\t\t<div class=\"elementor-post__text\">\n\t\t\t\t<h3 class=\"elementor-post__title\">\n\t\t\t<a href=\"https:\/\/or-design.org\/?p=9818\" >\n\t\t\t\tAbrazando la Transformaci\u00f3n Digital: Navegando el Continuo Cambio en el Marketing\t\t\t<\/a>\n\t\t<\/h3>\n\t\t\t\t<div class=\"elementor-post__excerpt\">\n\t\t\t<p>Abrazando la Transformaci\u00f3n Digital: Navegando el Continuo Cambio en el Marketing Navegando la Transformaci\u00f3n Digital en el Marketing: Un Camino<\/p>\n\t\t<\/div>\n\t\t\n\t\t<a class=\"elementor-post__read-more\" href=\"https:\/\/or-design.org\/?p=9818\" aria-label=\"M\u00e1s informaci\u00f3n sobre Abrazando la Transformaci\u00f3n Digital: Navegando el Continuo Cambio en el Marketing\" tabindex=\"-1\" >\n\t\t\tLeer M\u00e1s &gt;&gt;\t\t<\/a>\n\n\t\t\t\t<\/div>\n\t\t\t\t<\/article>\n\t\t\t\t<\/div>\n\t\t\n\t\t\t\t\t\t<\/div>\n\t\t\t\t<\/div>\n\t\t\t\t\t<\/div>\n\t\t<\/div>\n\t\t\t\t\t<\/div>\n\t\t<\/section>\n\t\t\t\t<\/div>\n\t\t","protected":false},"excerpt":{"rendered":"<p>\u00a1Enhorabuena! Est\u00e1s un paso m\u00e1s cerca de llevar tu marca a otro nivel. Nos pondremos en contacto contigo lo antes posible. Volver \u00daltimas novedades<\/p>\n","protected":false},"author":1,"featured_media":0,"parent":916,"menu_order":0,"comment_status":"closed","ping_status":"closed","template":"","meta":{"inline_featured_image":false,"footnotes":""},"class_list":["post-911","page","type-page","status-publish","hentry"],"_links":{"self":[{"href":"https:\/\/or-design.org\/index.php?rest_route=\/wp\/v2\/pages\/911","targetHints":{"allow":["GET"]}}],"collection":[{"href":"https:\/\/or-design.org\/index.php?rest_route=\/wp\/v2\/pages"}],"about":[{"href":"https:\/\/or-design.org\/index.php?rest_route=\/wp\/v2\/types\/page"}],"author":[{"embeddable":true,"href":"https:\/\/or-design.org\/index.php?rest_route=\/wp\/v2\/users\/1"}],"replies":[{"embeddable":true,"href":"https:\/\/or-design.org\/index.php?rest_route=%2Fwp%2Fv2%2Fcomments&post=911"}],"version-history":[{"count":0,"href":"https:\/\/or-design.org\/index.php?rest_route=\/wp\/v2\/pages\/911\/revisions"}],"up":[{"embeddable":true,"href":"https:\/\/or-design.org\/index.php?rest_route=\/wp\/v2\/pages\/916"}],"wp:attachment":[{"href":"https:\/\/or-design.org\/index.php?rest_route=%2Fwp%2Fv2%2Fmedia&parent=911"}],"curies":[{"name":"wp","href":"https:\/\/api.w.org\/{rel}","templated":true}]}}